{"id":9909,"date":"2023-04-16T17:47:49","date_gmt":"2023-04-16T15:47:49","guid":{"rendered":"http:\/\/museumunicipaldepalleja.cat\/?page_id=9909"},"modified":"2023-04-16T17:55:18","modified_gmt":"2023-04-16T15:55:18","slug":"la-planta-noble-2","status":"publish","type":"page","link":"https:\/\/museumunicipaldepalleja.cat\/index.php\/la-planta-noble-2\/","title":{"rendered":"La planta noble"},"content":{"rendered":"<p>Views: 58<\/p>\t\t<div data-elementor-type=\"wp-page\" data-elementor-id=\"9909\" class=\"elementor elementor-9909\">\n\t\t\t\t\t\t<section class=\"elementor-section elementor-top-section elementor-element elementor-element-73ae70d elementor-section-boxed elementor-section-height-default elementor-section-height-default\" data-id=\"73ae70d\" data-element_type=\"section\" data-e-type=\"section\">\n\t\t\t\t\t\t<div class=\"elementor-container elementor-column-gap-default\">\n\t\t\t\t\t<div class=\"elementor-column elementor-col-100 elementor-top-column elementor-element elementor-element-5133bb2\" data-id=\"5133bb2\" data-element_type=\"column\" data-e-type=\"column\">\n\t\t\t<div class=\"elementor-widget-wrap elementor-element-populated\">\n\t\t\t\t\t\t<div class=\"elementor-element elementor-element-4e239c7 elementor-widget elementor-widget-ova_heading_page\" data-id=\"4e239c7\" data-element_type=\"widget\" data-e-type=\"widget\" data-widget_type=\"ova_heading_page.default\">\n\t\t\t\t<div class=\"elementor-widget-container\">\n\t\t\t\t\t\n\t\t<section class=\"heading-page\" style=\"background-image: url(https:\/\/museumunicipaldepalleja.cat\/wp-content\/uploads\/2023\/04\/qr-6-fris-aula-5_web.jpg)\" >\n\t\t\t<div class=\"container\">\n\t\t\t\t<div class=\"cta-content\">\n\t\t\t\t\t\t\t\t\t\t\t<h2 class=\"second_font\">La planta noble<\/h2>\n\t\t\t\t\t\t\t\t\t\t\n\t\t\t\t<\/div>\n\t\t\t<\/div>\n\t\t<\/section>\n\n\t\t\t\t\t<\/div>\n\t\t\t\t<\/div>\n\t\t\t\t\t<\/div>\n\t\t<\/div>\n\t\t\t\t\t<\/div>\n\t\t<\/section>\n\t\t\t\t<section class=\"elementor-section elementor-top-section elementor-element elementor-element-e5704ad elementor-section-content-middle elementor-section-boxed elementor-section-height-default elementor-section-height-default\" data-id=\"e5704ad\" data-element_type=\"section\" data-e-type=\"section\">\n\t\t\t\t\t\t<div class=\"elementor-container elementor-column-gap-default\">\n\t\t\t\t\t<div class=\"elementor-column elementor-col-33 elementor-top-column elementor-element elementor-element-4f70648\" data-id=\"4f70648\" data-element_type=\"column\" data-e-type=\"column\">\n\t\t\t<div class=\"elementor-widget-wrap\">\n\t\t\t\t\t\t\t<\/div>\n\t\t<\/div>\n\t\t\t\t<div class=\"elementor-column elementor-col-33 elementor-top-column elementor-element elementor-element-dae590e\" data-id=\"dae590e\" data-element_type=\"column\" data-e-type=\"column\">\n\t\t\t<div class=\"elementor-widget-wrap elementor-element-populated\">\n\t\t\t\t\t\t<div class=\"elementor-element elementor-element-4d7f787 elementor-widget__width-auto elementor-widget elementor-widget-avp-gallery\" data-id=\"4d7f787\" data-element_type=\"widget\" data-e-type=\"widget\" data-widget_type=\"avp-gallery.default\">\n\t\t\t\t<div class=\"elementor-widget-container\">\n\t\t\t\t\t<div id=\"ms_avp\" style=\"max-width:99%;box-sizing:border-box;margin-left:auto;margin-right:auto;margin-top:2px;width:292px;\"><audio id=\"codepeople_media_player1777712600257882\" width=\"292px\" height=\"52\" class=\"codepeople-media ball-skin\" preload=\"none\" style=\"max-width:99%;box-sizing:border-box;margin-left:auto;margin-right:auto;margin-top:2px;width:292px;\"><source src=\"\/\/museumunicipaldepalleja.cat\/wp-content\/uploads\/2019\/01\/La-planta-noble.mp3\" type=\"audio\/mp3\" \/><\/audio><ul id=\"codepeople_media_player1777712600257882-list\" class=\"no-playlist\" style=\"display:none;\"><li value=\"{&quot;source&quot;:[{&quot;src&quot;:&quot;\\\/\\\/museumunicipaldepalleja.cat\\\/wp-content\\\/uploads\\\/2019\\\/01\\\/La-planta-noble.mp3&quot;,&quot;type&quot;:&quot;audio\\\/mp3&quot;}],&quot;track&quot;:[]}\"><span class=\"cpmp-annotation\">La planta noble<\/span><\/li><\/ul><noscript>audio-and-video-player require JavaScript<\/noscript><div style=\"clear:both;\"><\/div><\/div>\t\t\t\t<\/div>\n\t\t\t\t<\/div>\n\t\t\t\t\t<\/div>\n\t\t<\/div>\n\t\t\t\t<div class=\"elementor-column elementor-col-33 elementor-top-column elementor-element elementor-element-e9a2e55\" data-id=\"e9a2e55\" data-element_type=\"column\" data-e-type=\"column\">\n\t\t\t<div class=\"elementor-widget-wrap\">\n\t\t\t\t\t\t\t<\/div>\n\t\t<\/div>\n\t\t\t\t\t<\/div>\n\t\t<\/section>\n\t\t\t\t<section class=\"elementor-section elementor-top-section elementor-element elementor-element-ef322f2 elementor-section-boxed elementor-section-height-default elementor-section-height-default\" data-id=\"ef322f2\" data-element_type=\"section\" data-e-type=\"section\">\n\t\t\t\t\t\t<div class=\"elementor-container elementor-column-gap-default\">\n\t\t\t\t\t<div class=\"elementor-column elementor-col-100 elementor-top-column elementor-element elementor-element-63f8def\" data-id=\"63f8def\" data-element_type=\"column\" data-e-type=\"column\">\n\t\t\t<div class=\"elementor-widget-wrap elementor-element-populated\">\n\t\t\t\t\t\t<div class=\"elementor-element elementor-element-094791d line-height-32 elementor-widget elementor-widget-text-editor\" data-id=\"094791d\" data-element_type=\"widget\" data-e-type=\"widget\" data-widget_type=\"text-editor.default\">\n\t\t\t\t<div class=\"elementor-widget-container\">\n\t\t\t\t\t\t\t\t\t<p><strong>El 1995 es va comen\u00e7ar una rehabilitaci\u00f3 profunda,<\/strong> per\u00f2 s\u2019hi han conservat alguns elements d\u2019\u00e8poques anteriors.<\/p><p><strong>En aquest repl\u00e0, trobem un portal de pedra d\u2019estil renaixentista<\/strong> pel qual s\u2019accedeix a una estan\u00e7a que <strong>havia estat la sala noble<\/strong>. A banda i banda d\u2019aquesta sala, hi ha tres portals de pedra. <strong>Els dos portals de la dreta donaven a diverses estances i a la capella del Castell<\/strong>. A les estances de l\u2019esquerra hi havia <strong>un fris barroc amb decoraci\u00f3 floral,<\/strong> dels quals encara es poden veure alguns <strong>fragments a l\u2019actual aula 5<\/strong>. Aquesta<strong> era la part del Castell on el marqu\u00e8s i la seva fam\u00edlia tenien les estances privades.<\/strong> A la sala central i a les sales de la banda dreta, gr\u00e0cies a acords entre l\u2019Ajuntament i el marqu\u00e8s, es van dur a terme les activitats culturals fins al 1995, quan es van iniciar les obres de rehabilitaci\u00f3. Continueu la visita pujant cap a la Biblioteca.<\/p>\t\t\t\t\t\t\t\t<\/div>\n\t\t\t\t<\/div>\n\t\t\t\t<div class=\"elementor-element elementor-element-26ec2d9 elementor-widget elementor-widget-spacer\" data-id=\"26ec2d9\" data-element_type=\"widget\" data-e-type=\"widget\" data-widget_type=\"spacer.default\">\n\t\t\t\t<div class=\"elementor-widget-container\">\n\t\t\t\t\t\t\t<div class=\"elementor-spacer\">\n\t\t\t<div class=\"elementor-spacer-inner\"><\/div>\n\t\t<\/div>\n\t\t\t\t\t\t<\/div>\n\t\t\t\t<\/div>\n\t\t\t\t\t<\/div>\n\t\t<\/div>\n\t\t\t\t\t<\/div>\n\t\t<\/section>\n\t\t\t\t<\/div>\n\t\t","protected":false},"excerpt":{"rendered":"<p>Views: 58 La planta noble El 1995 es va comen\u00e7ar una rehabilitaci\u00f3 profunda, per\u00f2 s\u2019hi han conservat alguns elements d\u2019\u00e8poques anteriors. En aquest repl\u00e0, trobem un portal de pedra d\u2019estil renaixentista pel qual s\u2019accedeix a una estan\u00e7a que havia estat la sala noble. A banda i banda d\u2019aquesta sala, hi ha tres portals de pedra. [&hellip;]<\/p>\n","protected":false},"author":1,"featured_media":0,"parent":0,"menu_order":0,"comment_status":"closed","ping_status":"closed","template":"elementor_canvas","meta":{"footnotes":""},"class_list":["post-9909","page","type-page","status-publish","hentry"],"_links":{"self":[{"href":"https:\/\/museumunicipaldepalleja.cat\/index.php\/wp-json\/wp\/v2\/pages\/9909","targetHints":{"allow":["GET"]}}],"collection":[{"href":"https:\/\/museumunicipaldepalleja.cat\/index.php\/wp-json\/wp\/v2\/pages"}],"about":[{"href":"https:\/\/museumunicipaldepalleja.cat\/index.php\/wp-json\/wp\/v2\/types\/page"}],"author":[{"embeddable":true,"href":"https:\/\/museumunicipaldepalleja.cat\/index.php\/wp-json\/wp\/v2\/users\/1"}],"replies":[{"embeddable":true,"href":"https:\/\/museumunicipaldepalleja.cat\/index.php\/wp-json\/wp\/v2\/comments?post=9909"}],"version-history":[{"count":16,"href":"https:\/\/museumunicipaldepalleja.cat\/index.php\/wp-json\/wp\/v2\/pages\/9909\/revisions"}],"predecessor-version":[{"id":9926,"href":"https:\/\/museumunicipaldepalleja.cat\/index.php\/wp-json\/wp\/v2\/pages\/9909\/revisions\/9926"}],"wp:attachment":[{"href":"https:\/\/museumunicipaldepalleja.cat\/index.php\/wp-json\/wp\/v2\/media?parent=9909"}],"curies":[{"name":"wp","href":"https:\/\/api.w.org\/{rel}","templated":true}]}}

<p>Views: 58</p>		<div data-elementor-type="wp-page" data-elementor-id="9909" class="elementor elementor-9909">
						<section class="elementor-section elementor-top-section elementor-element elementor-element-73ae70d elementor-section-boxed elementor-section-height-default elementor-section-height-default" data-id="73ae70d" data-element_type="section" data-e-type="section">
						<div class="elementor-container elementor-column-gap-default">
					<div class="elementor-column elementor-col-100 elementor-top-column elementor-element elementor-element-5133bb2" data-id="5133bb2" data-element_type="column" data-e-type="column">
			<div class="elementor-widget-wrap elementor-element-populated">
						<div class="elementor-element elementor-element-4e239c7 elementor-widget elementor-widget-ova_heading_page" data-id="4e239c7" data-element_type="widget" data-e-type="widget" data-widget_type="ova_heading_page.default">
				<div class="elementor-widget-container">
					
		<section class="heading-page" style="background-image: url(https://museumunicipaldepalleja.cat/wp-content/uploads/2023/04/qr-6-fris-aula-5_web.jpg)" >
			<div class="container">
				<div class="cta-content">
											<h2 class="second_font">La planta noble</h2>
										
				</div>
			</div>
		</section>

					</div>
				</div>
					</div>
		</div>
					</div>
		</section>
				<section class="elementor-section elementor-top-section elementor-element elementor-element-e5704ad elementor-section-content-middle elementor-section-boxed elementor-section-height-default elementor-section-height-default" data-id="e5704ad" data-element_type="section" data-e-type="section">
						<div class="elementor-container elementor-column-gap-default">
					<div class="elementor-column elementor-col-33 elementor-top-column elementor-element elementor-element-4f70648" data-id="4f70648" data-element_type="column" data-e-type="column">
			<div class="elementor-widget-wrap">
							</div>
		</div>
				<div class="elementor-column elementor-col-33 elementor-top-column elementor-element elementor-element-dae590e" data-id="dae590e" data-element_type="column" data-e-type="column">
			<div class="elementor-widget-wrap elementor-element-populated">
						<div class="elementor-element elementor-element-4d7f787 elementor-widget__width-auto elementor-widget elementor-widget-avp-gallery" data-id="4d7f787" data-element_type="widget" data-e-type="widget" data-widget_type="avp-gallery.default">
				<div class="elementor-widget-container">
					<div id="ms_avp" style="max-width:99%;box-sizing:border-box;margin-left:auto;margin-right:auto;margin-top:2px;width:292px;"><audio id="codepeople_media_player1777712600257882" width="292px" height="52" class="codepeople-media ball-skin" preload="none" style="max-width:99%;box-sizing:border-box;margin-left:auto;margin-right:auto;margin-top:2px;width:292px;"><source src="//museumunicipaldepalleja.cat/wp-content/uploads/2019/01/La-planta-noble.mp3" type="audio/mp3" /></audio><ul id="codepeople_media_player1777712600257882-list" class="no-playlist" style="display:none;"><li value="{&quot;source&quot;:[{&quot;src&quot;:&quot;\/\/museumunicipaldepalleja.cat\/wp-content\/uploads\/2019\/01\/La-planta-noble.mp3&quot;,&quot;type&quot;:&quot;audio\/mp3&quot;}],&quot;track&quot;:[]}"><span class="cpmp-annotation">La planta noble</span></li></ul><noscript>audio-and-video-player require JavaScript</noscript><div style="clear:both;"></div></div>				</div>
				</div>
					</div>
		</div>
				<div class="elementor-column elementor-col-33 elementor-top-column elementor-element elementor-element-e9a2e55" data-id="e9a2e55" data-element_type="column" data-e-type="column">
			<div class="elementor-widget-wrap">
							</div>
		</div>
					</div>
		</section>
				<section class="elementor-section elementor-top-section elementor-element elementor-element-ef322f2 elementor-section-boxed elementor-section-height-default elementor-section-height-default" data-id="ef322f2" data-element_type="section" data-e-type="section">
						<div class="elementor-container elementor-column-gap-default">
					<div class="elementor-column elementor-col-100 elementor-top-column elementor-element elementor-element-63f8def" data-id="63f8def" data-element_type="column" data-e-type="column">
			<div class="elementor-widget-wrap elementor-element-populated">
						<div class="elementor-element elementor-element-094791d line-height-32 elementor-widget elementor-widget-text-editor" data-id="094791d" data-element_type="widget" data-e-type="widget" data-widget_type="text-editor.default">
				<div class="elementor-widget-container">
									<p><strong>El 1995 es va començar una rehabilitació profunda,</strong> però s’hi han conservat alguns elements d’èpoques anteriors.</p><p><strong>En aquest replà, trobem un portal de pedra d’estil renaixentista</strong> pel qual s’accedeix a una estança que <strong>havia estat la sala noble</strong>. A banda i banda d’aquesta sala, hi ha tres portals de pedra. <strong>Els dos portals de la dreta donaven a diverses estances i a la capella del Castell</strong>. A les estances de l’esquerra hi havia <strong>un fris barroc amb decoració floral,</strong> dels quals encara es poden veure alguns <strong>fragments a l’actual aula 5</strong>. Aquesta<strong> era la part del Castell on el marquès i la seva família tenien les estances privades.</strong> A la sala central i a les sales de la banda dreta, gràcies a acords entre l’Ajuntament i el marquès, es van dur a terme les activitats culturals fins al 1995, quan es van iniciar les obres de rehabilitació. Continueu la visita pujant cap a la Biblioteca.</p>								</div>
				</div>
				<div class="elementor-element elementor-element-26ec2d9 elementor-widget elementor-widget-spacer" data-id="26ec2d9" data-element_type="widget" data-e-type="widget" data-widget_type="spacer.default">
				<div class="elementor-widget-container">
							<div class="elementor-spacer">
			<div class="elementor-spacer-inner"></div>
		</div>
						</div>
				</div>
					</div>
		</div>
					</div>
		</section>
				</div>

<p>Views: 58 La planta noble El 1995 es va començar una rehabilitació profunda, però s’hi han conservat alguns elements d’èpoques anteriors. En aquest replà, trobem un portal de pedra d’estil renaixentista pel qual s’accedeix a una estança que havia estat la sala noble. A banda i banda d’aquesta sala, hi ha tres portals de pedra. [&hellip;]</p>
