{"id":10018,"date":"2024-03-12T10:13:45","date_gmt":"2024-03-12T09:13:45","guid":{"rendered":"http:\/\/museumunicipaldepalleja.cat\/?page_id=10018"},"modified":"2024-04-05T12:23:30","modified_gmt":"2024-04-05T10:23:30","slug":"entitats-historiques","status":"publish","type":"page","link":"https:\/\/museumunicipaldepalleja.cat\/index.php\/entitats-historiques\/","title":{"rendered":"Entitats hist\u00f2riques"},"content":{"rendered":"<p>Views: 37<\/p>\t\t<div data-elementor-type=\"wp-page\" data-elementor-id=\"10018\" class=\"elementor elementor-10018\">\n\t\t\t\t\t\t<section class=\"elementor-section elementor-top-section elementor-element elementor-element-03e15f5 elementor-section-boxed elementor-section-height-default elementor-section-height-default\" data-id=\"03e15f5\" data-element_type=\"section\" data-e-type=\"section\">\n\t\t\t\t\t\t<div class=\"elementor-container elementor-column-gap-default\">\n\t\t\t\t\t<div class=\"elementor-column elementor-col-50 elementor-top-column elementor-element elementor-element-8726f80\" data-id=\"8726f80\" data-element_type=\"column\" data-e-type=\"column\">\n\t\t\t<div class=\"elementor-widget-wrap elementor-element-populated\">\n\t\t\t\t\t\t<div class=\"elementor-element elementor-element-28906b1 elementor-widget elementor-widget-heading\" data-id=\"28906b1\" data-element_type=\"widget\" data-e-type=\"widget\" data-widget_type=\"heading.default\">\n\t\t\t\t<div class=\"elementor-widget-container\">\n\t\t\t\t\t<h4 class=\"elementor-heading-title elementor-size-medium\">Segle XIX<\/h4>\t\t\t\t<\/div>\n\t\t\t\t<\/div>\n\t\t\t\t<div class=\"elementor-element elementor-element-a0ced9d elementor-widget-divider--view-line elementor-widget elementor-widget-divider\" data-id=\"a0ced9d\" data-element_type=\"widget\" data-e-type=\"widget\" data-widget_type=\"divider.default\">\n\t\t\t\t<div class=\"elementor-widget-container\">\n\t\t\t\t\t\t\t<div class=\"elementor-divider\">\n\t\t\t<span class=\"elementor-divider-separator\">\n\t\t\t\t\t\t<\/span>\n\t\t<\/div>\n\t\t\t\t\t\t<\/div>\n\t\t\t\t<\/div>\n\t\t\t\t\t<\/div>\n\t\t<\/div>\n\t\t\t\t<div class=\"elementor-column elementor-col-50 elementor-top-column elementor-element elementor-element-e856ba7\" data-id=\"e856ba7\" data-element_type=\"column\" data-e-type=\"column\">\n\t\t\t<div class=\"elementor-widget-wrap elementor-element-populated\">\n\t\t\t\t\t\t<div class=\"elementor-element elementor-element-0d97d8f line-height-30 elementor-widget elementor-widget-text-editor\" data-id=\"0d97d8f\" data-element_type=\"widget\" data-e-type=\"widget\" data-widget_type=\"text-editor.default\">\n\t\t\t\t<div class=\"elementor-widget-container\">\n\t\t\t\t\t\t\t\t\t<p>\u00a0<\/p><p>\u00a0<\/p><p>Associaci\u00f3 La Invencible<\/p><p>Secci\u00f3 Obrera de la Internacional<\/p><p>Sant Sebasti\u00e0<\/p><p><em>Montep\u00edo<\/em> de Sant Isidre<\/p><p>Centre d\u2019Instrucci\u00f3 i Esbarjo de Pallej\u00e0<\/p>\t\t\t\t\t\t\t\t<\/div>\n\t\t\t\t<\/div>\n\t\t\t\t\t<\/div>\n\t\t<\/div>\n\t\t\t\t\t<\/div>\n\t\t<\/section>\n\t\t\t\t<section class=\"elementor-section elementor-top-section elementor-element elementor-element-e437ea5 elementor-section-boxed elementor-section-height-default elementor-section-height-default\" data-id=\"e437ea5\" data-element_type=\"section\" data-e-type=\"section\">\n\t\t\t\t\t\t<div class=\"elementor-container elementor-column-gap-default\">\n\t\t\t\t\t<div class=\"elementor-column elementor-col-50 elementor-top-column elementor-element elementor-element-9f4b0c3\" data-id=\"9f4b0c3\" data-element_type=\"column\" data-e-type=\"column\">\n\t\t\t<div class=\"elementor-widget-wrap elementor-element-populated\">\n\t\t\t\t\t\t<div class=\"elementor-element elementor-element-cd7a915 elementor-widget elementor-widget-heading\" data-id=\"cd7a915\" data-element_type=\"widget\" data-e-type=\"widget\" data-widget_type=\"heading.default\">\n\t\t\t\t<div class=\"elementor-widget-container\">\n\t\t\t\t\t<h4 class=\"elementor-heading-title elementor-size-medium\">Segle XX<\/h4>\t\t\t\t<\/div>\n\t\t\t\t<\/div>\n\t\t\t\t<div class=\"elementor-element elementor-element-4f0d9bb elementor-widget-divider--view-line elementor-widget elementor-widget-divider\" data-id=\"4f0d9bb\" data-element_type=\"widget\" data-e-type=\"widget\" data-widget_type=\"divider.default\">\n\t\t\t\t<div class=\"elementor-widget-container\">\n\t\t\t\t\t\t\t<div class=\"elementor-divider\">\n\t\t\t<span class=\"elementor-divider-separator\">\n\t\t\t\t\t\t<\/span>\n\t\t<\/div>\n\t\t\t\t\t\t<\/div>\n\t\t\t\t<\/div>\n\t\t\t\t\t<\/div>\n\t\t<\/div>\n\t\t\t\t<div class=\"elementor-column elementor-col-50 elementor-top-column elementor-element elementor-element-1a2c57e\" data-id=\"1a2c57e\" data-element_type=\"column\" data-e-type=\"column\">\n\t\t\t<div class=\"elementor-widget-wrap elementor-element-populated\">\n\t\t\t\t\t\t<div class=\"elementor-element elementor-element-02d8f73 line-height-30 elementor-widget elementor-widget-text-editor\" data-id=\"02d8f73\" data-element_type=\"widget\" data-e-type=\"widget\" data-widget_type=\"text-editor.default\">\n\t\t\t\t<div class=\"elementor-widget-container\">\n\t\t\t\t\t\t\t\t\t<p>\u00a0<\/p><p>\u00a0<\/p><p>La Perdiu (entitat cultural)<\/p><p>L&#8217;Orfe\u00f3 (Cor Germanor)<\/p><p>El Casino<\/p><p>Germandat de Sant Sebasti\u00e0 Martir<\/p><p>Mutualitat de Sant Mart\u00ed<\/p><p>La Flor de Catalunya (entitat cultural)<\/p><p>Coral Germanor<\/p><p>Coto Amojonado (associaci\u00f3 de propietaris)<\/p><p>Mutualitat Escolar l\u2019Esperan\u00e7a<\/p><p>Mutualitat de Santa Eul\u00e0lia de Pallej\u00e0<\/p><p>Centre de Socors M\u00fatua de Sant Isidre<\/p><p>Ateneu Familiar<\/p><p>M\u00fatua Uni\u00f3 Pallejanenca<\/p><p>Amics dels Ocells<\/p>\t\t\t\t\t\t\t\t<\/div>\n\t\t\t\t<\/div>\n\t\t\t\t\t<\/div>\n\t\t<\/div>\n\t\t\t\t\t<\/div>\n\t\t<\/section>\n\t\t\t\t<\/div>\n\t\t","protected":false},"excerpt":{"rendered":"<p>Views: 37 Segle XIX \u00a0 \u00a0 Associaci\u00f3 La Invencible Secci\u00f3 Obrera de la Internacional Sant Sebasti\u00e0 Montep\u00edo de Sant Isidre Centre d\u2019Instrucci\u00f3 i Esbarjo de Pallej\u00e0 Segle XX \u00a0 \u00a0 La Perdiu (entitat cultural) L&#8217;Orfe\u00f3 (Cor Germanor) El Casino Germandat de Sant Sebasti\u00e0 Martir Mutualitat de Sant Mart\u00ed La Flor de Catalunya (entitat cultural) Coral [&hellip;]<\/p>\n","protected":false},"author":1,"featured_media":0,"parent":0,"menu_order":0,"comment_status":"closed","ping_status":"closed","template":"","meta":{"footnotes":""},"class_list":["post-10018","page","type-page","status-publish","hentry"],"_links":{"self":[{"href":"https:\/\/museumunicipaldepalleja.cat\/index.php\/wp-json\/wp\/v2\/pages\/10018","targetHints":{"allow":["GET"]}}],"collection":[{"href":"https:\/\/museumunicipaldepalleja.cat\/index.php\/wp-json\/wp\/v2\/pages"}],"about":[{"href":"https:\/\/museumunicipaldepalleja.cat\/index.php\/wp-json\/wp\/v2\/types\/page"}],"author":[{"embeddable":true,"href":"https:\/\/museumunicipaldepalleja.cat\/index.php\/wp-json\/wp\/v2\/users\/1"}],"replies":[{"embeddable":true,"href":"https:\/\/museumunicipaldepalleja.cat\/index.php\/wp-json\/wp\/v2\/comments?post=10018"}],"version-history":[{"count":34,"href":"https:\/\/museumunicipaldepalleja.cat\/index.php\/wp-json\/wp\/v2\/pages\/10018\/revisions"}],"predecessor-version":[{"id":10056,"href":"https:\/\/museumunicipaldepalleja.cat\/index.php\/wp-json\/wp\/v2\/pages\/10018\/revisions\/10056"}],"wp:attachment":[{"href":"https:\/\/museumunicipaldepalleja.cat\/index.php\/wp-json\/wp\/v2\/media?parent=10018"}],"curies":[{"name":"wp","href":"https:\/\/api.w.org\/{rel}","templated":true}]}}

Entitats històriques

<p>Views: 37</p>		<div data-elementor-type="wp-page" data-elementor-id="10018" class="elementor elementor-10018">
						<section class="elementor-section elementor-top-section elementor-element elementor-element-03e15f5 elementor-section-boxed elementor-section-height-default elementor-section-height-default" data-id="03e15f5" data-element_type="section" data-e-type="section">
						<div class="elementor-container elementor-column-gap-default">
					<div class="elementor-column elementor-col-50 elementor-top-column elementor-element elementor-element-8726f80" data-id="8726f80" data-element_type="column" data-e-type="column">
			<div class="elementor-widget-wrap elementor-element-populated">
						<div class="elementor-element elementor-element-28906b1 elementor-widget elementor-widget-heading" data-id="28906b1" data-element_type="widget" data-e-type="widget" data-widget_type="heading.default">
				<div class="elementor-widget-container">
					<h4 class="elementor-heading-title elementor-size-medium">Segle XIX</h4>				</div>
				</div>
				<div class="elementor-element elementor-element-a0ced9d elementor-widget-divider--view-line elementor-widget elementor-widget-divider" data-id="a0ced9d" data-element_type="widget" data-e-type="widget" data-widget_type="divider.default">
				<div class="elementor-widget-container">
							<div class="elementor-divider">
			<span class="elementor-divider-separator">
						</span>
		</div>
						</div>
				</div>
					</div>
		</div>
				<div class="elementor-column elementor-col-50 elementor-top-column elementor-element elementor-element-e856ba7" data-id="e856ba7" data-element_type="column" data-e-type="column">
			<div class="elementor-widget-wrap elementor-element-populated">
						<div class="elementor-element elementor-element-0d97d8f line-height-30 elementor-widget elementor-widget-text-editor" data-id="0d97d8f" data-element_type="widget" data-e-type="widget" data-widget_type="text-editor.default">
				<div class="elementor-widget-container">
									<p> </p><p> </p><p>Associació La Invencible</p><p>Secció Obrera de la Internacional</p><p>Sant Sebastià</p><p><em>Montepío</em> de Sant Isidre</p><p>Centre d’Instrucció i Esbarjo de Pallejà</p>								</div>
				</div>
					</div>
		</div>
					</div>
		</section>
				<section class="elementor-section elementor-top-section elementor-element elementor-element-e437ea5 elementor-section-boxed elementor-section-height-default elementor-section-height-default" data-id="e437ea5" data-element_type="section" data-e-type="section">
						<div class="elementor-container elementor-column-gap-default">
					<div class="elementor-column elementor-col-50 elementor-top-column elementor-element elementor-element-9f4b0c3" data-id="9f4b0c3" data-element_type="column" data-e-type="column">
			<div class="elementor-widget-wrap elementor-element-populated">
						<div class="elementor-element elementor-element-cd7a915 elementor-widget elementor-widget-heading" data-id="cd7a915" data-element_type="widget" data-e-type="widget" data-widget_type="heading.default">
				<div class="elementor-widget-container">
					<h4 class="elementor-heading-title elementor-size-medium">Segle XX</h4>				</div>
				</div>
				<div class="elementor-element elementor-element-4f0d9bb elementor-widget-divider--view-line elementor-widget elementor-widget-divider" data-id="4f0d9bb" data-element_type="widget" data-e-type="widget" data-widget_type="divider.default">
				<div class="elementor-widget-container">
							<div class="elementor-divider">
			<span class="elementor-divider-separator">
						</span>
		</div>
						</div>
				</div>
					</div>
		</div>
				<div class="elementor-column elementor-col-50 elementor-top-column elementor-element elementor-element-1a2c57e" data-id="1a2c57e" data-element_type="column" data-e-type="column">
			<div class="elementor-widget-wrap elementor-element-populated">
						<div class="elementor-element elementor-element-02d8f73 line-height-30 elementor-widget elementor-widget-text-editor" data-id="02d8f73" data-element_type="widget" data-e-type="widget" data-widget_type="text-editor.default">
				<div class="elementor-widget-container">
									<p> </p><p> </p><p>La Perdiu (entitat cultural)</p><p>L&#8217;Orfeó (Cor Germanor)</p><p>El Casino</p><p>Germandat de Sant Sebastià Martir</p><p>Mutualitat de Sant Martí</p><p>La Flor de Catalunya (entitat cultural)</p><p>Coral Germanor</p><p>Coto Amojonado (associació de propietaris)</p><p>Mutualitat Escolar l’Esperança</p><p>Mutualitat de Santa Eulàlia de Pallejà</p><p>Centre de Socors Mútua de Sant Isidre</p><p>Ateneu Familiar</p><p>Mútua Unió Pallejanenca</p><p>Amics dels Ocells</p>								</div>
				</div>
					</div>
		</div>
					</div>
		</section>
				</div>

<p>Views: 37 Segle XIX     Associació La Invencible Secció Obrera de la Internacional Sant Sebastià Montepío de Sant Isidre Centre d’Instrucció i Esbarjo de Pallejà Segle XX     La Perdiu (entitat cultural) L&#8217;Orfeó (Cor Germanor) El Casino Germandat de Sant Sebastià Martir Mutualitat de Sant Martí La Flor de Catalunya (entitat cultural) Coral [&hellip;]</p>
